- -12) + (0 - -2) - 12?
59
Evaluate (-369 - -390) + -5 + -3 - -27.
40
Calculate -2 - 0 - ((-19 - -44) + -21 - -9).
-15
What is 45 + (92 - (33 - 23)) + -29?
98
What is the value of -1 - ((-6 - 7) + 11) - (-2 + 61)?
-58
Calculate (-41 + -89 - -103) + (-20 - -1).
-46
Calculate -33 + 4 + 23 - (6 - (-6 + 136 + 2)).
120
What is the value of 33 - (29 + -18 + (-12 - -5 - -9))?
20
What is 8 + 1 + 0 + 24 + -72 + (3 - -3)?
-33
What is the value of (548 - 488) + (-102 - 1)?
-43
What is the value of (-630 - -642) + (-2 - 130) - 0?
-120
Evaluate 92 + -124 + 11 + (-3 - -1).
-23
Calculate (-5 - (16 + -18 + -10)) + 15.
22
Calculate 373 + -245 + -134 - ((-105 - 0) + 1).
98
Calculate 36 + 18 + -102 + 29.
-19
What is 0 + -6 - (5 + 4 + -4) - 31?
-42
Calculate -1 + -17 + 199 + -132 + -77.
-28
Calculate -2 - -22 - (-31 - (86 + -154)).
-17
What is the value of (-26 + 24 - -8 - 8) + (-5 - -1)?
-6
Calculate 13 - (-33 - (47 + -57) - (-3 - 11)).
22
What is the value of 4 + (-1 - -2) + 206 + (-138 - 73)?
0
What is 1 - (-5 - (-4 - -1 - (-10 + (-45 - -24))))?
34
Calculate (-37 - (-1 - 13)) + (21 - (-4 - -5)).
-3
Calculate (28 - (28 + -11) - 41) + 4 + 2.
-24
Calculate (-12 - -29) + -24 - ((-5 - 42) + -12).
52
Evaluate (-57 - 2) + (-688 - -794).
47
16 + (7 - 4) + (9 - -68) - -21
117
11 - 0 - (-48 - (-72 - -13))
0
Evaluate (18 + -4 - 29 - -14) + -3 + 62.
58
(-4 - -9) + -3 + -5 + -6 + 5
-4
What is 4267 - 4347 - (-96 + -1)?
17
-78 + (-1 - 0) - ((35 - 63) + 21)
-72
Evaluate (0 - -12) + 219 + -142 + -119.
-30
Evaluate 111 + (-60 - (173 + -39)).
-83
What is (-98 - -251 - 73) + -154?
-74
What is the value of (2 - -8) + 24 + -35?
-1
Calculate -37 + 97 - 25 - (37 - 7).
5
What is the value of -5 - ((2 - -8 - 1) + 3) - (-115 - -114)?
-16
What is -1 - (16 - 11) - (-12 + (11 - -12))?
-17
What is 7 - -28 - ((78 - 31) + -35)?
23
What is the value of -110 + (112 - (-53 - -34))?
21
What is the value of (3 - 18 - 1 - (-103 - -95)) + (60 - 2)?
50
Evaluate -9 - (-28 - (6 - 3 - -6 - 5) - 10).
33
What is 10 + -21 + (4 - -5) - 32 - 13?
-47
What is the value of -9 - (-27 - (-6 - 0)) - (12 - 39)?
39
Calculate 12 - (-11 - -19 - (18 - -3)).
25
Calculate 9 + (6 - 13) + (48 - 24).
26
What is (0 + -102 + -2 - (-4 + 4)) + 3471 + -3466?
-99
Calculate (-1 - 12) + 0 - (32998 - 33006).
-5
What is the value of 8 + ((-5 - -7) + -7 - -18) - -1?
22
Calculate -15 - -2 - (33 + -15 + -29) - -9.
7
-920 - -870 - (-1 + -2 + -18)
-29
What is (14 + (1 - 2) - 1 - 33) + -11?
-32
-29 - -4 - (26 + -59 - -19)
-11
-26 + 23 + -4 + 45
38
What is -38 - (-2 + 2) - (-56 + 38 + -17 + 25)?
-28
Evaluate ((-17 - -19) + (4 - -14) - (1 + 10)) + 64.
73
What is 0 + -3 + -4 - (-54 - (40 - 107))?
-20
(1 - 1 - -45) + 1 + -83 + 610 + -520
53
What is the value of -412 + 445 - (102 + -11)?
-58
What is the value of (-31 - -3) + -23 + 87?
36
Calculate (-2 - -2) + (-357 - -330) + -26 + 3.
-50
Calculate 13 - (-2 + 1) - (769 - 768) - -6.
19
Evaluate -104 + 75 + -18 - -75.
28
What is -14 + -11 + (-2 - 1 - -14) + -1?
-15
5 + 4 + (7 - 11) + -5 + (-23 - -3)
-20
What is the value of (-54 + 21 - -33) + 1 + (1 - 21)?
-19
What is 43 + 1 + -16 + -9 + 22?
41
Calculate 3 + (-27 - (-16 + 6 + 15) - 14).
-43
What is -98 + -41 + 44 - (-15 - -3)?
-83
What is -35 + -52 + 56 + -16?
-47
-9 + (30 - (-2 + 7 + 18))
-2
Calculate (27 - 15) + -28 - (-42 + 0).
26
What is 1 + 3 + -3 + -1 + (-3 + 16 - 14)?
-1
What is -101 + (97 - 89) + 35?
-58
What is 0 + (-11 - 1) + (-45 + 52 + 24 - -29)?
48
Calculate 0 + (83 + -39 - 44) + 2 + 9.
11
-42 + (-46 - -109) - -32
53
15 - (-68 - -21) - (-3 - (-9 + 1 + 10))
67
-11 - (-2 + 1 + (-11 - (-13 - 12) - 84))
60
What is the value of (15 - -29) + (-5 - 34)?
5
Evaluate -6 - 2 - (10 + -8 + 14 - 2).
-22
Evaluate 25 + -16 + -13 + (-4 - 6) + 26.
12
Calculate (1 - -1) + (-11 + -11 - 34) + 21 + -25.
-58
Evaluate (0 - ((15 - -22) + -119)) + 14.
96
What is the value of (-16 - (-16 - 83 - -36)) + 92?
139
Calculate -32 - (-29 + 45 + -25).
-23
Calculate ((-13 - 95) + -15 - 3) + 30.
-96
-18 - (50 + 6 + -40)
-34
What is the value of (-54 + 102 - 1) + (-1 + 12 - (0 - 1))?
59
What is the value of -10 - (40 + (-17 - 28) + 1 + 13)?
-19
Calculate -99 + -2 - (-1340 - -1200).
39
Calculate 0 + 15 + 2 + 20 + -37 + 38 + -1.
37
-36 - (-33 - -84) - -145
58
What is the value of 61 - (33 - 13) - (38 - 63)?
66
(76 + -1 - (-8 + -4 + 11)) + 17
93
Evaluate 27 + (31 - (18 + (26 - 22))).
36
Calculate 41 - (61 + (-54 - -121)).
-87
Calculate (-11 - -16) + -33 + 22 + -13.
-19
What is 49 + -65 + 65 + 53?
102
(45 - 30) + 40 + -12
43
-2 + 12 + -55 - -23 - -14
-8
What is the value of 57 + (-44 - 96) + 43?
-40
Calculate -39 - (-5 - (-6 - (-70 + 21))).
9
Calculate -136 + -2 + 52 - (8 - -4).
-98
What is 38 + -66 + -2 + 129?
99
What is the value of (-1 - -12) + (623 - 631) + 30 + -2 + -2?
29
Evaluate 0 - (16 - 0 - (24 - 19)) - -16.
5
Evaluate 13 - (-6 - ((-21 - 0) + -3)) - 0.
-5
Evaluate 20 + (-80 + 95 - 47).
-12
Calculate (-29 - (-7 + -33) - 22) + 30.
19
Calculate -43 + -4 + (-2 - (-15 - -10)) + 16 + -10.
-38
What is -1 + 141 - ((-189 - -167) + 59)?
103
What is 12 - (-174 - -131 - -24)?
31
What is the value of (-12 + 8 + (20 - 5) - 4 - 6) + 115?
116
What is (3 - (-30 + (-10 - -40) + 1 + 10)) + 57?
49
What is 450 - 443 - ((-1 - 2) + -24)?
34
Evaluate -125 - -112 - (-8 + -3).
-2
Calculate (18 + -11 - (-10 + 2 + -3)) + 3 + -1.
20
What is 3 + (27 - ((-19 - 54) + 1))?
102
What is the value of 2 + (-1 - 4) - (29 - -1 - -17)?
-50
Evaluate -23 - -5 - (-30 - 17 - 14) - -5.
48
What is -80 + 40 + 28 - (19 + 1)?
-32
(8 - (-9 + 6 + -9)) + -26
-6
Evaluate (9 - 19) + 1 - (-283 + 304).
-30
Calculate 11 + (-15 - -4 - -1) + 16 + -3 + -40.
-26
What is the value of 60 + (51 - (72 - 19))?
58
Evaluate (-9 + 10 - (-3 - -3)) + 22 + (10 - 5).
28
What is the value of -76 - (-12 + (-4 - 15) + -8 + 45)?
-82
Calculate -109 + (-86 - (-303 - 10)).
118
Calculate (-3 - (17 + (-4 - 8))) + (-6 - -1) - -28.
15
What is (-43 - -27) + -26 - -90?
48
Calculate 31 - (3 - (21 + -74)).
-25
-45 + (26 + -19 - (6 + -13 - -15))
-46
Evaluate 3 + 19 + -17 + -9 + 8 + (-2 - -3).
5
Calculate -54 + 30 + 48 + -25.
-1
What is -2 + 50 - (6 + 9 + -29 - -14)?
48
What is 105 + -82 - ((-11 - -23) + -38)?
49
What is 41 + 3 - 7 - (-24 + (35 - 10))?
36
Calculate 5 + -2 + (99 + -4 + 1 - 7).
92
(3 - -3) + 46 + 0 + (9 - 8)
53
What is the value of (-58 - (-7 + -32)) + (17 - -1)?
-1
120 + (-111 - -40) + 33
82
What is (-77 - (-5 + 15)) + (-84 - -113)?
-58
332 + -281 - (43 + 4)
4
-10 + 2 + 13 + 6 + -77 - -20
-46
What is the value of 19 + 0 + -1 - (-99544 - -99562)?
0
What is (2 - 4 - 28) + 1328 + -1310?
-12
Calculate (-2 - 23) + 1282 + -1230.
27
Evaluate -27 + 8 + -16 - (-41 + 25) - 13.
-32
What is the value of -14 + 60 + -10 + -42 + 64?
58
Calculate 25 + (102 - 45) - (-28 - -13).
97
What is (63 - 116) + 87 - -16?
50
What is (410 - 416) + -47 + (-1 - (2 + 0))?
-56
11 + 45 + 30 - 32
54
-1 - -20 - (31 + -28 - -12 - (2 - -15))
21
Evaluate -2 + 32 - (38 - (202 + -134)).
60
-12 + 12 + -3 + -56 + (138 - 153)
-74
Evaluate -84 - ((-45 - (10 - 28)) + 15).
-72
What is the value of -5 + 15 + 8 + -31 + 27?
14
Calculate -128 + 205 + -188 + (8 - -1).
-102
What is (-14 - ((14 - 14) + -9) - -16) + (85 - -2)?
98
Evaluate -8 - (-51 + 54 + -12 + -86 + -1).
88
-10773 + 10728 + (0 - (0 - (0 - 0)))
-45
What is 2 + (-1 - 3) + 16 + 20 + 2 + -96?
-60
(-138 - -114) + 19 + -1 + (0 - (7 + 1))
-14
Evaluate (1 - -51 - 41) + -10 + 2 + -39.
-36
What is the value of 113 + -1 + 56 + 24 + -43 + -28?
121
What is the value of 5 + -3 + 1 - (0 + (16 - 14))?
1
What is 12 + (0 - 5 - -4) + 42 + -40?
13
Calculate (3 - -16) + 20 + -45 + 7 - -25.
26
What is the value of -56 + (-23 - -58) - 60 - -14?
-67
Calculate 54 + 35 + -135 + -39.
-85
What is (-5 - 19) + -8 + 8 - -16?
-8
Evaluate -15 + 21 + -12 - ((5 - (-14 + 13)) + 64).
-76
What is the value of (-42 - -28) + 12 + 1 + 25?
24
-6 + (-18 - -8 - (-34 + 17))
1
Calculate 131 - (148 - 7) - 105.
-115
Evaluate -107 - (1 + -9 + (3 + -13 - -23 - 4)).
-108
What is 12 + (1 - (-1 - -3)) - (123 + -69 + 71)?
-114
Evaluate ((-31 - -41) + 19 - 36) + (5 - (117 + 1)).
-120
Evaluate -6 - (-19 + (5 - 7) - (-6 + -11)).
-2
Evaluate -153 - (-67 - -5) - (19 - 0).
-110
80 + (-59 + -78 - 62)
-119
-124 - (-77 + 56) - -97
-6
(-98 + 88 - (-7 + 11)) + -67
-81
What is 72 + (-